 1536. Calculate v(-15).
-9
Let c(h) = -35*h**2 - 869*h + 221. What is c(-25)?
71
Let q(t) = -168*t + 65744. What is q(392)?
-112
Let f(p) = 49267*p - 689755. Give f(14).
-17
Let n(b) = -27*b**2 - 3006*b - 996. Give n(-111).
3
Let s(k) = 48807*k - 11. Give s(0).
-11
Let t(w) = w**3 - 67*w**2 + 176*w + 939. Determine t(64).
-85
Let u(h) = 15*h**2 - 1191*h - 689. What is u(80)?
31
Let d(s) = -7*s**2 + 308*s + 2234. Give d(-7).
-265
Let f(s) = -s**2 - 455*s - 14980. What is f(-41)?
1994
Let x(w) = 3*w**3 - 32*w**2 + 102*w - 64. Determine x(5).
21
Let x(c) = 461*c + 727. Give x(-1).
266
Let l(v) = -9*v**2 + 542*v - 6368. Calculate l(42).
520
Let w(c) = -c**3 - 158*c**2 - 1552*c - 97279. Give w(-152).
1
Let m(w) = -2079*w**2 + 174634*w + 159. Calculate m(84).
-9
Let k(q) = 2*q**2 - 2710*q - 43873. What is k(-16)?
-1
Let d(o) = -4663*o - 4647. Determine d(-1).
16
Let p(b) = -32*b**2 - 355*b - 139. Give p(-11).
-106
Let k(f) = -76548*f + 153068. What is k(2)?
-28
Let c(m) = 1662*m**3 - 8*m + 9. What is c(1)?
1663
Let d(m) = -288803*m + 35233979. Calculate d(122).
13
Let c(s) = -s**2 + 520796*s + 2083202. Give c(-4).
2
Let g(f) = -5*f**2 - 519*f - 1555. Give g(-102).
-637
Let v(j) = j**3 - 20*j**2 - 6*j + 663. Determine v(18).
-93
Let y(x) = 13*x**2 + 2110*x + 1592. Determine y(-162).
944
Let g(j) = 786*j - 4601. Calculate g(6).
115
Let h(g) = -g**3 + 42*g**2 - 230*g - 215. Give h(35).
310
Let y(o) = -2*o**2 - 502*o - 19844. What is y(-50)?
256
Let o(m) = -21*m**3 - m**2 - 269*m - 552. Give o(-2).
150
Let w(t) = 19125*t - 33009756. What is w(1726)?
-6
Let j(c) = -100*c**2 - 19*c + 43. Calculate j(3).
-914
Let n(g) = -g**3 - 2*g**2 + 7057*g + 42197. What is n(-6)?
-1
Let u(s) = -104*s - 3675. Calculate u(-41).
589
Let a(s) = -402220*s + 1608836. Calculate a(4).
-44
Let a(i) = i**2 - 14119*i - 56492. Determine a(-4).
0
Let y(p) = -248*p**2 - 289*p - 24. Determine y(-1).
17
Let r(o) = 345909*o - 2421389. Calculate r(7).
-26
Let f(r) = r**2 - 204*r - 748. Determine f(-4).
84
Let p(g) = -g**3 - 223*g**2 + 2276*g + 43615. What is p(-232)?
-1
Let v(f) = -10*f**2 + 40*f - 265. What is v(8)?
-585
Let g(i) = -232*i - 37441. Calculate g(-161).
-89
Let z(n) = -573*n**3 + 18*n**2 - 40*n + 18. Give z(1).
-577
Let h(v) = 181*v**3 + 173*v**2 + 3*v + 9. What is h(-1)?
-2
Let x(n) = -2616*n**2 + 28769*n + 149. Determine x(11).
72
Let j(f) = f**3 + 269*f**2 - 1929*f + 822. Calculate j(-276).
-6
Let h(d) = -4092*d + 24692. Determine h(6).
140
Let q(k) = -306534*k - 25. Calculate q(0).
-25
Let u(r) = 5464*r - 524580. Calculate u(96).
-36
Let u(y) = -45*y**3 - y**2 - 14*y - 80. Determine u(-4).
2840
Let u(n) = n**2 + 36257*n - 36256. What is u(1)?
2
Let b(p) = -9344*p + 46930. Determine b(5).
210
Let i(w) = 62671*w - 9714020. Calculate i(155).
-15
Let d(h) = h**3 + 32*h**2 - 2468*h + 134. Give d(36).
-586
Let x(u) = -24*u**2 - 39192*u - 156390. Determine x(-4).
-6
Let q(k) = -14688*k - 132259. Calculate q(-9).
-67
Let r(k) = 11321*k + 124518. Calculate r(-11).
-13
Let m(b) = 2973*b - 1105891. Give m(372).
65
Let q(g) = 4*g**3 - 747*g**2 - 1689*g - 2231. Determine q(189).
37
Let b(n) = -2*n**3 - 26*n**2 - 75*n - 264. Calculate b(-9).
-237
Let y(o) = -1925*o + 19256. Give y(10).
6
Let s(i) = 4*i**2 - 991*i - 20209. What is s(-19)?
64
Let m(j) = 87*j + 12796. What is m(-146)?
94
Let n(v) = -711*v + 70071. Calculate n(98).
393
Let o(a) = -3022*a + 33247. Give o(11).
5
Let r(v) = 68*v**2 - 281*v - 1427. Calculate r(-6).
2707
Let q(w) = -w**3 + 57*w**2 + 1392*w + 774. Determine q(-18).
18
Let s(i) = 1806*i + 118539. Calculate s(-66).
-657
Let j(b) = -1679032*b + 16790326. Determine j(10).
6
Let i(f) = f**3 + 98*f**2 + 351*f + 7550. Give i(-95).
1280
Let k(a) = -522*a**2 + 5180*a - 2. What is k(10)?
-402
Let b(z) = -z**3 - 68*z**2 - 927*z + 39. What is b(-16)?
1559
Let f(o) = 219*o + 84121. Give f(-384).
25
Let u(a) = 442*a - 5105. What is u(12)?
199
Let u(x) = 4*x**2 - 306*x - 23180. Calculate u(-47).
38
Let y(f) = -1934*f - 7674. What is y(-3)?
-1872
Let r(f) = 268*f - 3232. Determine r(12).
-16
Let x(w) = -5044*w + 6333. What is x(0)?
6333
Let q(l) = 62871*l - 15780622. Calculate q(251).
-1
Let q(z) = -2*z**3 + 400*z**2 - 2937*z + 1449. Give q(7).
-196
Let n(o) = -221*o**2 + 5738*o + 367. Calculate n(26).
159
Let j(i) = -i**3 - 3*i**2 + 257*i + 1238. Give j(-5).
3
Let r(k) = -7180*k + 775641. Give r(108).
201
Let p(w) = -2*w**2 - 3375*w - 166975. Determine p(-51).
-52
Let j(f) = 19*f**3 + 34*f**2 + 16*f + 24. Give j(-2).
-24
Let k(q) = -41*q**2 - 590*q - 1236. What is k(-12)?
-60
Let r(h) = -3632*h - 235970. Give r(-65).
110
Let d(f) = -25232*f + 429081. Determine d(17).
137
Let d(c) = -191465*c + 2489046. Give d(13).
1
Let l(v) = 3*v**3 + 185*v**2 + 121*v - 420. Give l(-61).
-359
Let w(q) = -20*q**2 + 474*q - 1178. Determine w(21).
-44
Let l(j) = -3712*j + 7303. Calculate l(2).
-121
Let s(t) = t**2 - 173*t - 49867. Give s(326).
11
Let z(h) = 98*h**2 - 711*h - 28. Calculate z(7).
-203
Let q(k) = -15*k**2 - 137*k - 545. Determine q(-4).
-237
Let d(o) = -124268*o - 497057. Calculate d(-4).
15
Let s(c) = -2*c**3 - 182*c**2 - 3986*c + 365. Determine s(-37).
-5
Let a(i) = -2*i**2 + 1040*i - 12338. Calculate a(12).
-146
Let h(v) = 73040*v + 1533855. Calculate h(-21).
15
Let h(v) = -15*v**2 - 1856*v - 36666. Calculate h(-99).
63
Let x(b) = 3*b**3 - 209*b**2 - 286*b + 182. What is x(71)?
40
Let m(y) = 12*y**2 + 835*y + 342. Give m(-69).
-141
Let b(v) = -v**3 + 7*v**2 - 13*v - 1139. Give b(0).
-1139
Let q(d) = 26*d**3 - 127*d**2 + 57*d - 399. Calculate q(5).
-39
Let g(l) = 2*l**2 - 1748*l + 368173. What is g(354)?
13
Let i(y) = -27147*y - 1873203. What is i(-69)?
-60
Let x(u) = u**2 - 60*u + 802. Calculate x(22).
-34
Let p(o) = 1272*o - 59938. What is p(47)?
-154
Let i(o) = -224*o**3 - 57*o**2 - 44*o + 13. Calculate i(-1).
224
Let m(s) = s**2 - 76*s - 145. Calculate m(93).
1436
Let i(g) = 1103*g - 5515. Determine i(5).
0
Let o(j) = 2*j**3 - 12*j**2 - 68*j - 46. Calculate o(12).
866
Let c(j) = 676588*j + 676593. Determine c(-1).
5
Let r(l) = 3284*l + 27719. What is r(-7)?
4731
Let v(d) = -17*d**3 + 10695*d**2 - 33179*d + 630. Calculate v(626).
4
Let y(k) = 10*k**2 + 1064*k + 529. Give y(-106).
105
Let i(t) = -5*t**2 - 183*t + 35909. What is i(-105)?
-1
Let z(s) = -s**3 - 30*s**2 - 114*s - 22. Calculate z(-21).
-1597
Let i(g) = -7*g**2 + 3017*g - 29486. Give i(10).
-16
Let l(j) = 1258*j + 12700. What is l(-10)?
120
Let z(x) = 1429*x - 44338. Calculate z(31).
-39
Let i(u) = 14*u**2 + 1006*u + 4999. What is i(-5)?
319
Let z(h) = -h**3 - 138*h**2 - 131*h + 862. What is z(-137)?
40
Let f(a) = -118*a**2 - 93*a - 285. Determine f(-3).
-1068
Let h(j) = 3069730*j + 15348645. What is h(-5)?
-5
Let s(o) = 21*o**2 + 306*o + 2346. What is s(-8)?
1242
Let m(n) = -389393*n + 2336368. Calculate m(6).
10
Let m(z) = 2*z**2 - 1108*z - 2191. Determine m(-2).
33
Let t(h) = 88*h - 17117. Calculate t(148).
-4093
Let n(l) = l**3 - 78*l**2 + 55*l + 12858. Give n(75).
108
Let t(b) = b**2 + 234145*b - 10304316. Determine t(44).
0
Let y(d) = -d**3 + 1745*d**2 - 419618*d + 2969. Give y(1457).
55
Let z(r) = -r**3 + 51*r**2 + 377*r - 11606. What is z(54)?
4
Let q(h) = 361412*h - 723037. Determine q(2).
-213
Let h(p) = -p**3 - 2*p**2 + 7815*p - 31189. Give h(4).
-25
Let n(h) = 8*h**2 - 753*h + 17023. What is n(59)?
444
Let y(q) = -q**2 - 11117*q - 476185. Calculate y(-43).
-3
Let v(j) = 21*j**3 + 4*j - 4. Determine v(1).
21
Let o(b) = -50*b**2 - 29647*b - 117796. Calculate o(-4).
-8
Let m(d) = 30*d + 71. Determine m(-7).
-139
Let d(a) = -51430*a + 102866. Give d(2).
6
Let m(p) = 5*p**2 + 2540*p + 58078. What is m(-484)?
-2
Let k(q) = -13369*q - 1417118. What is k(-106)?
-4
Let a(d) = d**3 + 2*d**2 - 953*d + 178. Determine a(-32).
-46
Let p(r) = 12505*r + 49947. Give p(-4).
-73
Let a(t) = -8293*t + 8318. Calculate a(1).
25
Let w(u) = 12*u**2 + 1466*u + 20204. Determine w(-16).
-180
Let t(g) = 36150*g + 686914. What is t(-19)?
64
Let q(d) = -3*d**3 - 359*d**2 - 253*d - 769. Determine q(-119).
1016
Let h(b) = -147*b - 13974. What is h(-100)?
726
Let m(h) = 5394*h + 285873. What is m(-53)?
-9
Let v(y) = 1765*y - 467565. Calculate v(265).
160
Let w(t) = 2*t**2 - 480*t - 130192. Calculate w(402).
56
Let b(m) = 3*m**3 -